 factors of 5728?
2, 179
List the prime factors of 484.
2, 11
List the prime factors of 852.
2, 3, 71
List the prime factors of 16525.
5, 661
List the prime factors of 1537.
29, 53
List the prime factors of 550.
2, 5, 11
What are the prime factors of 1178?
2, 19, 31
What are the prime factors of 31220?
2, 5, 7, 223
What are the prime factors of 3830?
2, 5, 383
List the prime factors of 5515.
5, 1103
What are the prime factors of 2276?
2, 569
List the prime factors of 524.
2, 131
What are the prime factors of 1077?
3, 359
What are the prime factors of 77563?
77563
What are the prime factors of 9080?
2, 5, 227
What are the prime factors of 1139?
17, 67
What are the prime factors of 1131?
3, 13, 29
List the prime factors of 5282.
2, 19, 139
What are the prime factors of 140233?
17, 73, 113
What are the prime factors of 168?
2, 3, 7
List the prime factors of 27632.
2, 11, 157
List the prime factors of 1134.
2, 3, 7
What are the prime factors of 730?
2, 5, 73
List the prime factors of 43265.
5, 17, 509
List the prime factors of 6094.
2, 11, 277
List the prime factors of 3.
3
What are the prime factors of 1367?
1367
List the prime factors of 71466.
2, 3, 43, 277
What are the prime factors of 96987?
3, 11, 2939
What are the prime factors of 9350?
2, 5, 11, 17
What are the prime factors of 2260?
2, 5, 113
List the prime factors of 401.
401
What are the prime factors of 1675?
5, 67
List the prime factors of 2339.
2339
List the prime factors of 396.
2, 3, 11
What are the prime factors of 1121?
19, 59
What are the prime factors of 140348?
2, 13, 2699
List the prime factors of 1908.
2, 3, 53
List the prime factors of 14224.
2, 7, 127
What are the prime factors of 4253?
4253
What are the prime factors of 4173?
3, 13, 107
What are the prime factors of 922?
2, 461
What are the prime factors of 133359?
3, 44453
What are the prime factors of 19858?
2, 9929
What are the prime factors of 2776?
2, 347
List the prime factors of 652.
2, 163
What are the prime factors of 17857?
7, 2551
What are the prime factors of 4156?
2, 1039
List the prime factors of 13965.
3, 5, 7, 19
What are the prime factors of 1872?
2, 3, 13
What are the prime factors of 36911?
7, 5273
List the prime factors of 7653.
3, 2551
What are the prime factors of 2658?
2, 3, 443
List the prime factors of 58743.
3, 61, 107
List the prime factors of 2619.
3, 97
What are the prime factors of 2423?
2423
List the prime factors of 266.
2, 7, 19
What are the prime factors of 46689?
3, 79, 197
List the prime factors of 13351.
13, 79
List the prime factors of 13868.
2, 3467
What are the prime factors of 14089?
73, 193
What are the prime factors of 30822?
2, 3, 11, 467
What are the prime factors of 1233?
3, 137
List the prime factors of 1250.
2, 5
List the prime factors of 25328.
2, 1583
What are the prime factors of 14218?
2, 7109
List the prime factors of 1027.
13, 79
List the prime factors of 6143.
6143
What are the prime factors of 5171?
5171
What are the prime factors of 37?
37
List the prime factors of 1795.
5, 359
What are the prime factors of 47538?
2, 3, 19, 139
List the prime factors of 9241.
9241
List the prime factors of 36453.
3, 29, 419
List the prime factors of 141.
3, 47
List the prime factors of 695.
5, 139
What are the prime factors of 36961?
23, 1607
List the prime factors of 1903.
11, 173
What are the prime factors of 599?
599
List the prime factors of 398.
2, 199
List the prime factors of 3233.
53, 61
List the prime factors of 6275.
5, 251
List the prime factors of 9260.
2, 5, 463
What are the prime factors of 6791?
6791
List the prime factors of 2988.
2, 3, 83
What are the prime factors of 10903?
10903
List the prime factors of 4763.
11, 433
What are the prime factors of 965?
5, 193
List the prime factors of 3173.
19, 167
What are the prime factors of 6441?
3, 19, 113
List the prime factors of 989.
23, 43
What are the prime factors of 36546?
2, 3, 6091
What are the prime factors of 77508?
2, 3, 2153
What are the prime factors of 22346?
2, 11173
What are the prime factors of 1185?
3, 5, 79
List the prime factors of 6158.
2, 3079
List the prime factors of 660.
2, 3, 5, 11
List the prime factors of 42059.
137, 307
List the prime factors of 1897.
7, 271
What are the prime factors of 846?
2, 3, 47
What are the prime factors of 4928?
2, 7, 11
What are the prime factors of 4769?
19, 251
List the prime factors of 48039.
3, 67, 239
List the prime factors of 1558.
2, 19, 41
What are the prime factors of 3837?
3, 1279
List the prime factors of 43876.
2, 7, 1567
List the prime factors of 825.
3, 5, 11
List the prime factors of 8731.
8731
List the prime factors of 608.
2, 19
What are the prime factors of 32877?
3, 13, 281
What are the prime factors of 15889?
15889
What are the prime factors of 19891?
19891
List the prime factors of 749.
7, 107
What are the prime factors of 30767?
11, 2797
What are the prime factors of 1040?
2, 5, 13
What are the prime factors of 63662?
2, 139, 229
List the prime factors of 1034.
2, 11, 47
List the prime factors of 17.
17
List the prime factors of 161875.
5, 7, 37
What are the prime factors of 8355?
3, 5, 557
List the prime factors of 6272.
2, 7
List the prime factors of 1447.
1447
List the prime factors of 67482.
2, 3, 23, 163
What are the prime factors of 32521?
17, 1913
What are the prime factors of 1191?
3, 397
List the prime factors of 64916.
2, 16229
List the prime factors of 95696.
2, 5981
What are the prime factors of 605?
5, 11
What are the prime factors of 8160?
2, 3, 5, 17
What are the prime factors of 7105?
5, 7, 29
List the prime factors of 920.
2, 5, 23
List the prime factors of 2892.
2, 3, 241
List the prime factors of 9834.
2, 3, 11, 149
List the prime factors of 64449.
3, 7, 11, 31
List the prime factors of 24779.
71, 349
List the prime factors of 70626.
2, 3, 79, 149
List the prime factors of 7181.
43, 167
List the prime factors of 120.
2, 3, 5
What are the prime factors of 19685?
5, 31, 127
List the prime factors of 3091.
11, 281
List the prime factors of 42035.
5, 7, 1201
List the prime factors of 2864.
2, 179
What are the prime factors of 1206?
2, 3, 67
List the prime factors of 1559.
1559
What are the prime factors of 27351?
3, 1013
What are the prime factors of 9843?
3, 17, 193
What are the prime factors of 59?
59
List the prime factors of 386.
2, 193
What are the prime factors of 1450?
2, 5, 29
List the prime factors of 1117.
1117
What are the prime factors of 606?
2, 3, 101
What are the prime factors of 872?
2, 109
List the prime factors of 1296.
2, 3
List the prime factors of 4093.
4093
What are the prime factors of 1451?
1451
What are the prime factors of 158070?
2, 3, 5, 11, 479
What are the prime factors of 17815?
5, 7, 509
What are the prime factors of 43750?
2, 5, 7
List the prime factors of 24732.
2, 3, 229
What are the prime factors of 844?
2, 211
List the prime factors of 12612.
2, 3, 1051
What are the prime factors of 4299?
3, 1433
What are the prime factors of 2122?
2, 1061
List the prime factors of 12188.
2, 11, 277
List the prime factors of 1327.
1327
What are the prime factors of 2596?
2, 11, 59
What are the prime factors of 8634?
2, 3, 1439
List the prime factors of 2676.
2, 3, 223
List the prime factors of 9951.
3, 31, 107
What are the prime factors of 1275?
3, 5, 17
List the prime factors of 3342.
2, 3, 557
What are the prime factors of 1735?
5, 347
List the prime factors of 3623.
3623
What are the prime factors of 20742?
2, 3, 3457
List the prime factors of 41872.
2, 2617
List the prime factors of 13493.
103, 131
What are the prime factors of 111020?
2, 5, 7, 13, 61
What are the prime factors of 1789?
1789
What are the prime factors of 1109?
1109
What are the prime factors of 27046?
2, 13523
List the prime factors of 20563.
20563
What are the prime factors of 1445?
5, 17
List the prime factors of 8310.
2, 3, 5, 277
What are the prime factors of 1213?
1213
What are the prime factors of 560?
2, 5, 7
List the prime factors of 3380.
2, 5, 13
List the prime factors of 20731.
20731
List the prime factors of 773.
773
What are the prime factors of 11440?
2, 5, 11, 13
List the prime factors of 24446.
2, 17, 719
What are the prime factors of 58407?
3, 19469
What are the prime factors of 874?
2, 19, 23
List the prime factors of 741